
26
What is the highest common factor of 455 and 4865?
35
What is the highest common factor of 329 and 41783?
329
Calculate the greatest common divisor of 17100 and 5092.
76
Calculate the highest common divisor of 49928 and 8.
8
Calculate the highest common factor of 48 and 319752.
24
What is the highest common factor of 42840 and 2880?
360
What is the highest common factor of 501766 and 93?
31
Calculate the highest common factor of 44 and 104830.
22
What is the greatest common factor of 6584 and 64?
8
Calculate the highest common factor of 4429 and 4.
1
Calculate the highest common divisor of 208 and 691912.
104
Calculate the greatest common divisor of 1448470 and 30.
10
What is the greatest common factor of 2789370 and 270?
270
Calculate the greatest common factor of 341 and 16.
1
Calculate the greatest common factor of 450 and 12894.
6
Calculate the greatest common factor of 3680 and 835.
5
What is the greatest common factor of 33870 and 930?
30
Calculate the greatest common factor of 26414 and 1598.
94
Calculate the greatest common factor of 308 and 917.
7
Calculate the highest common divisor of 1895 and 515.
5
What is the greatest common divisor of 135 and 56285?
5
Calculate the highest common factor of 221352 and 1656.
552
What is the highest common divisor of 50 and 40185?
5
Calculate the highest common factor of 135582 and 59.
59
What is the greatest common factor of 2167 and 726?
11
Calculate the greatest common divisor of 457312 and 26784.
992
What is the highest common divisor of 853271 and 57?
19
What is the greatest common divisor of 12 and 1038264?
12
What is the greatest common factor of 133 and 16029825?
133
What is the greatest common factor of 324 and 15132?
12
Calculate the greatest common factor of 13 and 388401.
13
Calculate the highest common factor of 205277 and 393.
131
Calculate the highest common factor of 11250 and 17586.
18
Calculate the greatest common factor of 48 and 27576.
24
What is the highest common divisor of 232 and 65672?
8
Calculate the greatest common factor of 180 and 75540.
60
What is the greatest common factor of 10123 and 76591?
191
Calculate the greatest common factor of 486 and 551934.
162
Calculate the highest common factor of 12574965 and 2301.
2301
What is the greatest common factor of 2548 and 5684?
196
Calculate the highest common factor of 9 and 38505.
3
Calculate the highest common factor of 2290848 and 144.
48
What is the greatest common factor of 11526 and 5406?
102
What is the greatest common divisor of 628080 and 480?
240
What is the greatest common factor of 6402 and 24057?
33
What is the highest common divisor of 279165 and 185?
185
Calculate the greatest common factor of 1045531 and 106.
53
Calculate the highest common factor of 1022 and 658.
14
Calculate the greatest common divisor of 725380 and 40.
20
What is the highest common factor of 20 and 919?
1
What is the greatest common factor of 308 and 16650172?
308
Calculate the greatest common divisor of 336 and 519568.
112
What is the highest common divisor of 20 and 8229460?
20
What is the highest common divisor of 216 and 7764?
12
Calculate the greatest common divisor of 280 and 1505.
35
Calculate the highest common divisor of 2773 and 29972.
59
Calculate the highest common divisor of 9759 and 33.
3
What is the highest common factor of 9213893 and 278?
139
Calculate the highest common divisor of 11 and 1613.
1
What is the highest common factor of 219 and 25915?
73
Calculate the greatest common divisor of 808 and 18079.
101
What is the greatest common divisor of 7425 and 1200?
75
Calculate the greatest common divisor of 62972 and 1274.
182
What is the greatest common factor of 202522 and 654?
218
What is the greatest common factor of 176 and 13816?
88
Calculate the highest common divisor of 227094 and 63.
21
Calculate the highest common factor of 32829 and 558.
93
Calculate the greatest common divisor of 51233 and 1274.
91
Calculate the highest common divisor of 7772 and 56950.
134
What is the highest common divisor of 615 and 479495?
205
What is the highest common divisor of 346 and 2536526?
346
What is the highest common divisor of 41904 and 112?
16
What is the highest common factor of 17598600 and 90?
90
Calculate the highest common factor of 705 and 213.
3
What is the highest common divisor of 378 and 13272?
42
What is the highest common divisor of 775 and 16525?
25
Calculate the greatest common factor of 94286 and 1.
1
What is the highest common factor of 70 and 167426?
14
Calculate the highest common divisor of 44 and 8569.
11
Calculate the greatest common divisor of 228 and 629907.
57
Calculate the greatest common factor of 10150 and 187166.
406
What is the highest common divisor of 488682 and 306?
306
What is the greatest common factor of 1166550 and 693?
231
What is the greatest common divisor of 2717 and 4978?
19
What is the greatest common divisor of 50 and 38720?
10
What is the greatest common divisor of 78 and 941694?
78
What is the greatest common factor of 1014825 and 63?
21
Calculate the highest common factor of 2916594 and 108.
54
What is the greatest common divisor of 2129748 and 24?
12
What is the highest common factor of 10335 and 4335?
15
Calculate the greatest common factor of 7 and 32543.
7
Calculate the highest common factor of 1085 and 6820.
155
What is the highest common factor of 499 and 1774943?
499
Calculate the greatest common divisor of 4 and 782156.
4
Calculate the greatest common divisor of 594 and 17010.
54
Calculate the highest common divisor of 3003 and 6930.
231
What is the greatest common factor of 5110 and 22703?
73
What is the highest common factor of 12533 and 332?
83
What is the highest common divisor of 310 and 570?
10
Calculate the greatest common divisor of 4303 and 1986.
331
What is the greatest common divisor of 4186 and 434?
14
What is the highest common factor of 44243 and 1661?
151
Calculate the greatest common divisor of 18816 and 94521.
147
What is the highest common divisor of 67800 and 8814?
678
Calculate the greatest common divisor of 34561 and 3103.
107
What is the greatest common factor of 7463 and 340?
17
Calculate the greatest common factor of 328712 and 48.
8
What is the greatest common divisor of 23085 and 3705?
285
What is the highest common factor of 316 and 53246?
158
What is the greatest common divisor of 366520 and 340?
340
Calculate the greatest common factor of 1728 and 7551.
9
What is the greatest common factor of 151 and 604?
151
Calculate the greatest common factor of 1438020 and 468.
36
Calculate the greatest common factor of 914568 and 216.
24
What is the highest common divisor of 24 and 1238456?
8
Calculate the greatest common divisor of 360 and 38952.
72
What is the greatest common factor of 3237129 and 63?
63
What is the highest common factor of 418 and 902?
22
What is the greatest common divisor of 775 and 265298?
31
Calculate the greatest common factor of 886416 and 1180.
236
What is the greatest common factor of 9 and 543?
3
Calculate the highest common divisor of 80689 and 3.
1
What is the highest common factor of 202918 and 284?
142
What is the greatest common divisor of 9538 and 152?
38
What is the highest common factor of 24 and 15082?
2
What is the greatest common factor of 304 and 1808?
16
What is the highest common divisor of 31900 and 3?
1
What is the highest common divisor of 153 and 23613?
51
What is the highest common factor of 68 and 1756?
4
Calculate the highest common divisor of 1381458 and 1068.
534
Calculate the greatest common factor of 188474 and 104.
26
Calculate the highest common divisor of 51984 and 1476.
36
Calculate the greatest common divisor of 42 and 5199.
3
What is the greatest common factor of 9 and 53031?
3
What is the highest common divisor of 21192 and 48?
24
What is the highest common factor of 293945 and 40?
5
Calculate the highest common divisor of 1100 and 28700.
100
What is the highest common divisor of 4003907 and 811?
811
Calculate the greatest common divisor of 6 and 3097986.
6
Calculate the highest common divisor of 168 and 164892.
84
What is the greatest common divisor of 70 and 37310?
70
What is the highest common factor of 4114 and 782?
34
What is the highest common factor of 782 and 2484?
46
Calculate the hi